irst derivative of b**4/12 + b**3 + 3*b**2/2 + 2*b - 1. Let j(z) be the first derivative of u(z). What is j(-2)?
-5
Let v = -56 - -59. Let i(n) = -n**2 + 3*n + 2. Give i(v).
2
Suppose 5*p + 6 = 6*p. Let d(m) = m. What is d(p)?
6
Suppose v + a = 1, 0 = -4*v - 5*a - 1 + 3. Let q(o) = v - 4 - 11*o + 3*o. Suppose -5*i = -3 + 8. What is q(i)?
7
Let d(k) be the first derivative of k**2/2 + k + 1. Let z be -1 + 1 - -6 - (-6 - -8). Calculate d(z).
5
Let r(t) be the first derivative of t**3/3 - 7*t**2/2 + 15. Suppose 12 = a + a. What is r(a)?
-6
Let g = 22 + -20. Suppose 3*w + 31 = 4*f, 0 = -7*f + g*f + 5*w + 40. Let u(t) = t**3 - 8*t**2 + 7*t - 5. Determine u(f).
-5
Let c(v) = -v**3 - 4*v**2 - 3*v - 6. Let p = -9 + 5. What is c(p)?
6
Let o(d) = -3*d + 9. Suppose 54 = 5*x + 4*x. Determine o(x).
-9
Let i(r) be the second derivative of r**5/60 + r**4/24 - r**3/6 + 3*r. Let v(b) be the second derivative of i(b). Let z be -6 + (0 - -1)/1. Determine v(z).
-9
Suppose 0 = -3*z - 2*h + 3*h + 6, -3*z - 3 = 2*h. Let p(v) = v - 1. Let c be p(z). Let g(w) = 5*w + 18 - 7 - 4*w. Determine g(c).
11
Suppose 0 = 2*p - 7*p + 10. Let s(j) = j + 4*j - j**3 + 0 - 4*j**p - 2 + 0*j**3. Calculate s(-5).
-2
Suppose -3*k - 2*k = 3*d - 10, -8 = -4*k - 4*d. Let s(u) = -u**2 - 3*u + 1. What is s(k)?
-9
Let a(g) = 2 + g**3 + 5*g - g - 1 + 4*g**2. Let r = -99 + 96. Determine a(r).
-2
Let i(a) = a**3 - 7*a**2 + 7*a - 5. Suppose 6 = 21*t - 20*t. Calculate i(t).
1
Let s be 2 - 141*(-3)/(-9). Let x be ((-27)/s)/(2/(-10)). Let v(k) = -k**2 - 5*k - 4. Determine v(x).
2
Let q = 7 + -4. Let l = -7 + q. Let h(p) be the first derivative of -p**2/2 - 5*p + 6. Determine h(l).
-1
Let p(c) = -c**2 + 133 + 3*c - 132 - 2*c - 2*c - 14*c**3. Give p(1).
-15
Let a(r) = -r - 3. Let i(m) = 1. Let c(t) = -2*a(t) - 5*i(t). Let j be (8/6)/(1/(-3)). What is c(j)?
-7
Let n(i) = -8*i - 17. Let m(j) = 3*j + 6. Let x(o) = 11*m(o) + 4*n(o). Determine x(-5).
-7
Let k(d) be the third derivative of d**5/60 + d**4/8 - 2*d**3/3 + 14*d**2. Give k(-4).
0
Let c(i) = i**2 - 3*i - 4*i + 0*i**2. Let t = -178 + 183. Give c(t).
-10
Let s be (-1 - -2) + (-14 - -12). Let j be (6/(-3) + -3)*s. Let o(c) = -c**2 + 2*c + 5. Determine o(j).
-10
Suppose 0 = -4*f + f + 6, 5*x + 45 = 5*f. Let u(w) = w + 15. Give u(x).
8
Let m(f) = 2*f**2 - 2. Let p(l) = l**2 + 7*l + 8. Let d be p(-6). Suppose -d - 2 = 2*k. Determine m(k).
6
Let z = 1 + -3. Let i(a) be the second derivative of 0 - 1/3*a**3 - a + 1/2*a**2. What is i(z)?
5
Let h(b) = -2*b + 7. Let f be h(4). Let m(c) be the third derivative of -11*c**5/60 - c**4/24 - 6*c**2. Determine m(f).
-10
Let z(y) = y**2 - 3*y - 3*y + 0*y**2 - 6. Calculate z(5).
-11
Let l(z) = -5*z**2 + 7*z - 1. Let w(a) = a**2 - a + 1. Let q(d) = -l(d) - 6*w(d). Let g(f) = f**2 - 9*f. Let m be g(9). Determine q(m).
-5
Let c(z) = -z**3 - 5*z**2 - 7*z - 6. Let i be c(-4). Suppose -4*b + 0*b - 4 = -j, b - i = 2*j. Let k(h) = h + h**3 - 3 + 4 - 2*h**3 - h**2. Determine k(b).
3
Suppose t - 14 + 3 = -2*r, -4*r - t = -23. Let z(k) be the first derivative of k**4/4 - 5*k**3/3 - 7*k**2/2 + 9*k + 1. Give z(r).
3
Suppose 27 = 41*s - 38*s. Let o(w) = 1 - w + 2 + 0. Let m(t) = -2*t + 7. Let q(r) = s*o(r) - 4*m(r). Determine q(0).
-1
Let s(y) = -y + 6. Let m(p) = -3*p + 17. Let h(c) = 4*m(c) - 11*s(c). Calculate h(0).
2
Let n be ((-6)/9)/(2/(-48)). Suppose 5*i + k - 21 = 0, 2*k - k - n = -4*i. Let l(c) = 4*c + c - c**2 + 0*c**2. Give l(i).
0
Suppose 2*t + 9 - 11 = 0. Let h(d) be the first derivative of -1/4*d**4 - t - 7*d + 5/2*d**2 + 4/3*d**3. Calculate h(5).
-7
Let z(r) = r**2 + 8*r + 3. Let u be z(-8). Let p(i) = 2*i - 3. What is p(u)?
3
Let v(h) be the first derivative of h**3/3 + 2*h**2 - 5*h - 5. Calculate v(-4).
-5
Let u(m) = -554 + 2*m + 3*m**2 - 2*m**2 + 3*m + 557. What is u(-6)?
9
Let y(j) = -3 - 289*j + 283*j + 6 - 1. Calculate y(2).
-10
Let d(i) be the second derivative of -i**5/4 + i**4/6 - i**2/2 - 3*i. Determine d(-1).
6
Let r(v) = v**2 + 4*v**2 - 2 + 3*v - 3*v**2 - 3*v**2. Suppose 3*b - 10 = -g, -3*g + 4*g + b = 6. What is r(g)?
-6
Let g(n) = n**3 - 5*n**2 + 4*n + 2. Suppose 15 = 10*c - 25. Calculate g(c).
2
Let i = 12 - 9. Let o(p) = 4 - i + 2*p - 1. Determine o(-3).
-6
Let t(y) = 1. Let k(p) = -p**3 - 2*p**2 + p + 6. Let s(b) = -k(b) + 6*t(b). Let w(c) = c**2 + 1. Suppose -x - 3*x = 0. Let n be w(x). Give s(n).
2
Let y(t) = 3*t**2 - t + 3. Let k(j) be the second derivative of 2*j + 1/12*j**4 - 1/2*j**2 + 0*j**3 + 0. Let u(g) = 4*k(g) - y(g). Give u(0).
-7
Let m(u) = 3*u - 2*u**3 - 2*u**2 + 3*u**3 - 3*u**2 - 1. Let x(j) = -4*j - 2. Let r be x(3). Let g be (7/r)/(1/(-8)). Determine m(g).
-5
Let h(f) = 1. Let k(r) = r**2 + 7*r - 2. Let c(g) = h(g) + k(g). What is c(-4)?
-13
Let k(f) = 4*f - 1. Let w(v) = -v. Let y(u) = 6*k(u) + 26*w(u). What is y(-4)?
2
Let z = 3/83 + -7/2490. Let b(s) be the third derivative of 0 + 1/24*s**4 + 0*s + z*s**6 + 0*s**3 + 0*s**5 + 2*s**2. Give b(-1).
-5
Let v(c) = 5*c + 3. Let y(x) = -4*x - 2. Let w(u) = 3*v(u) + 4*y(u). Suppose 5*i - 1 - 9 = 0. Let q = i - 1. Calculate w(q).
0
Let t = 13 + -10. Let m(f) = -12*f + t*f - f**2 + 3*f - 6. Determine m(-4).
2
Let z(j) be the third derivative of j**6/120 + j**5/12 - j**4/12 - 7*j**3/6 + 17*j**2. Suppose -3*m + 5*n = 0, 0*m + 2*n = -m - 11. Give z(m).
3
Let p(u) = -4*u - 5*u + 3 + 10*u. Calculate p(0).
3
Let x(n) = n**3 - 10*n**2 + 8*n + 9. Let f(h) = -4*h**2 + 4*h + 4. Let j(s) = -s**2 + s + 1. Let t(l) = -f(l) + 3*j(l). Let q(w) = 3*t(w) + x(w). What is q(6)?
0
Let j(f) be the second derivative of f**4/12 + 7*f**3/6 + 3*f**2/2 + 13*f. Let x(z) = -z**3 - 3*z**2 + 4*z + 3. Let v be x(-4). Suppose 8 = -v*d - 7. Give j(d).
-7
Suppose 4*b = -b + 45. Let u = b - 5. Let p(g) = -g**3 + 5*g**2 - 5*g + 1. Give p(u).
-3
Let u(l) = -l**2. Let q(z) = -2*z + 10. Let x be q(5). Let d be u(x). Let i(j) = j**2 - 7. Determine i(d).
-7
Let a(n) = -n**2 + 1. Let x(w) = 3*w**2 - 6. Let s(l) = -6*a(l) - x(l). What is s(2)?
12
Let r(l) be the first derivative of -1/4*l**4 - l + l**2 + 1 + 0*l**3. Suppose 4 = g + 3*g. What is r(g)?
0
Let i(y) = -y - 9. Let a(j) = 2*j + 9. Let v(o) = -2*a(o) - 3*i(o). Let s = 10 - 2. Let b be 34/s + (-2)/8. Determine v(b).
5
Let l(w) = 2*w + 5 - 2*w - 4*w + 5*w. Calculate l(7).
12
Let h(s) be the third derivative of -s**6/120 - s**5/10 - s**4/8 + s**3/2 - 20*s**2. What is h(-5)?
-7
Let w(y) = y**3 - 7*y**2 + y - 10. Let o(f) = -f + 2. Let z be o(-5). Let u be w(z). Let m be -1*(u + 6/2). Let h(r) = -r**2 - r + 8. Give h(m).
8
Let c(q) = 7*q**2 - 12*q + 2. Let s(g) = 3*g**2 + 2*g. Let y be s(-2). Let h(w) = -11*w**2 + 18*w - 3. Let i(u) = y*c(u) + 5*h(u). Determine i(4).
-7
Let d(s) = -5*s - 1 + s**3 - 5*s**2 - 3 - 6*s**3 + 4*s**3. Suppose v + 3 = -c, 2*c + 9 = -3*v - 2*c. Give d(v).
-7
Suppose 1 = 3*a - 11, 4 = 2*q + a. Let u(m) = m - 1. What is u(q)?
-1
Let p(z) = -z + 1. Let l(a) = -a + 21. Let u be l(10). Let w = u - 8. What is p(w)?
-2
Suppose -6*v + 2*v = -5*m + 8, -3*v - 4*m - 6 = 0. Let r(z) = 10*z + 3 + 1 - 1 - 5*z. What is r(v)?
-7
Let c(s) = s**2 + 3*s - 2. Let a be 0*1/(-2) + 2. Let d be (3 + (-12)/3)*a. Calculate c(d).
-4
Let g = 21 - 6. Suppose 2*t + 3*t = -z + g, -2*t + 2*z + 6 = 0. Let p(y) = -2*y**2 + 0*y - 4*y - 2*y**2 + 3*y**2 + t. Calculate p(-5).
-2
Let a(h) = -h**3 + 3*h**2 + 2*h - 3. Let y be (1*-2)/(10/(-15)). Give a(y).
3
Let i(y) be the first derivative of y**7/840 + y**6/90 - y**5/20 - y**4/6 - y**3/3 + 3. Let z(t) be the third derivative of i(t). What is z(-5)?
1
Let g(z) = -8*z - 7. Let p(y) = y + 1. Let j(l) = -g(l) - 6*p(l). Give j(-5).
-9
Suppose 2*g + 5*u = -19, 0 = 2*u - 1 + 11. Let q(c) = c**2 - 4*c + 2. Let y be q(g). Let k be 3/(-1) - (-3 - y). Let h(o) = 2*o**2 + o. Calculate h(k).
1
Let w(d) be the second derivative of -d**6/720 - d**5/12 + d**4/3 - 7*d. Let x(o) be the third derivative of w(o). Calculate x(0).
-10
Let s(l) = 1. Let h(g) = 2*g + 6. Let p(a) = a**3 - a**2 - 3*a - 4. Let o be p(3). Let n(v) = o*s(v) - h(v). Determine n(4).
-9
Let g(x) be the first derivative of -x - 1 + 2/3*x**3 + 1/4*x**4 + x**2. Let z be (-1 + 0/(-1))*2. Calculate g(z).
-5
Let v(q) = q**2 - 4*q - 2. Suppose 3*g = -3*m + 2*g + 21, 4*m + g - 27 = 0. Let a(w) = w**3 - 3*w**2 + 2. Let l be a(3). Suppose i + l